{"id":34,"date":"2020-09-09T14:04:40","date_gmt":"2020-09-09T17:04:40","guid":{"rendered":"https:\/\/www.gebaut.com.br\/montreux\/?page_id=34"},"modified":"2020-09-09T18:45:27","modified_gmt":"2020-09-09T21:45:27","slug":"o-empreendimento","status":"publish","type":"page","link":"https:\/\/www.gebaut.com.br\/montreux\/?page_id=34","title":{"rendered":"O Empreendimento"},"content":{"rendered":"\t\t<div data-elementor-type=\"wp-page\" data-elementor-id=\"34\" class=\"elementor elementor-34\" data-elementor-settings=\"[]\">\n\t\t\t\t\t\t<div class=\"elementor-inner\">\n\t\t\t\t\t\t\t<div class=\"elementor-section-wrap\">\n\t\t\t\t\t\t\t<section class=\"elementor-section elementor-top-section elementor-element elementor-element-3b360c9 elementor-section-boxed elementor-section-height-default elementor-section-height-default\" data-id=\"3b360c9\" data-element_type=\"section\">\n\t\t\t\t\t\t<div class=\"elementor-container elementor-column-gap-default\">\n\t\t\t\t\t\t\t<div class=\"elementor-row\">\n\t\t\t\t\t<div class=\"elementor-column elementor-col-100 elementor-top-column elementor-element elementor-element-69d772a\" data-id=\"69d772a\" data-element_type=\"column\">\n\t\t\t<div class=\"elementor-column-wrap elementor-element-populated\">\n\t\t\t\t\t\t\t<div class=\"elementor-widget-wrap\">\n\t\t\t\t\t\t<section class=\"elementor-section elementor-inner-section elementor-element elementor-element-971ee9a elementor-section-boxed elementor-section-height-default elementor-section-height-default\" data-id=\"971ee9a\" data-element_type=\"section\">\n\t\t\t\t\t\t<div class=\"elementor-container elementor-column-gap-no\">\n\t\t\t\t\t\t\t<div class=\"elementor-row\">\n\t\t\t\t\t<div class=\"elementor-column elementor-col-50 elementor-inner-column elementor-element elementor-element-aa209a6\" data-id=\"aa209a6\" data-element_type=\"column\">\n\t\t\t<div class=\"elementor-column-wrap elementor-element-populated\">\n\t\t\t\t\t\t\t<div class=\"elementor-widget-wrap\">\n\t\t\t\t\t\t<div class=\"elementor-element elementor-element-9116fc4 elementor-widget elementor-widget-image\" data-id=\"9116fc4\" data-element_type=\"widget\" data-widget_type=\"image.default\">\n\t\t\t\t<div class=\"elementor-widget-container\">\n\t\t\t\t\t\t\t\t<div class=\"elementor-image\">\n\t\t\t\t\t\t\t\t\t\t\t\t<img decoding=\"async\" width=\"30\" height=\"40\" src=\"https:\/\/www.gebaut.com.br\/montreux\/wp-content\/uploads\/2020\/09\/simbol.png\" class=\"attachment-large size-large\" alt=\"\" loading=\"lazy\" \/>\t\t\t\t\t\t\t\t\t\t\t\t\t\t<\/div>\n\t\t\t\t\t\t<\/div>\n\t\t\t\t<\/div>\n\t\t\t\t\t\t<\/div>\n\t\t\t\t\t<\/div>\n\t\t<\/div>\n\t\t\t\t<div class=\"elementor-column elementor-col-50 elementor-inner-column elementor-element elementor-element-6f05c5a\" data-id=\"6f05c5a\" data-element_type=\"column\">\n\t\t\t<div class=\"elementor-column-wrap elementor-element-populated\">\n\t\t\t\t\t\t\t<div class=\"elementor-widget-wrap\">\n\t\t\t\t\t\t<div class=\"elementor-element elementor-element-8c72c57 elementor-widget elementor-widget-heading\" data-id=\"8c72c57\" data-element_type=\"widget\" data-widget_type=\"heading.default\">\n\t\t\t\t<div class=\"elementor-widget-container\">\n\t\t\t<h2 class=\"elementor-heading-title elementor-size-default\">Um projeto \u00fanico que privilegia o conforto, a privacidade e o prazer de se viver bem!<\/h2>\t\t<\/div>\n\t\t\t\t<\/div>\n\t\t\t\t\t\t<\/div>\n\t\t\t\t\t<\/div>\n\t\t<\/div>\n\t\t\t\t\t\t\t\t<\/div>\n\t\t\t\t\t<\/div>\n\t\t<\/section>\n\t\t\t\t<div class=\"elementor-element elementor-element-5bdd13c elementor-widget elementor-widget-text-editor\" data-id=\"5bdd13c\" data-element_type=\"widget\" data-widget_type=\"text-editor.default\">\n\t\t\t\t<div class=\"elementor-widget-container\">\n\t\t\t\t\t\t\t\t<div class=\"elementor-text-editor elementor-clearfix\">\n\t\t\t\t<p><b>Montreux \u00e9 o novo empreendimento da Gebaut em Gramado.<\/b><\/p>\n<p>Com <b>apenas 5 unidades<\/b> emolduradas por uma charmosa fachada e paisagismo primoroso, o Montreux adota o conceito dos produtos Gebaut com plantas amplas e completas, recursos voltados ao conforto e bem estar al\u00e9m da aten\u00e7\u00e3o aos detalhes e acabamentos.<\/p>\n<p>Todas as unidades contam com 3 Su\u00edtes, Sala de Estar com Lareira, Jantar cont\u00edguo \u00e0 Cozinha e Churrasqueira, Lavanderia, Despensa e Storage Lot fechado com capacidade para ate 4 autom\u00f3veis.<\/p>\n<p>Sua localiza\u00e7\u00e3o \u00e9 privilegiada estando junto ao centro, mas sem dispensar a beleza exuberante da natureza da Serra Ga\u00facha.<\/p>\n<p>Juntas, estas caracter\u00edsticas fazem do <b>Montreux <\/b>o empreendimento perfeito para voc\u00ea e sua fam\u00edlia viverem o que <b>Gramado<\/b> oferece de melhor.<\/p>\t\t\t\t\t<\/div>\n\t\t\t\t\t\t<\/div>\n\t\t\t\t<\/div>\n\t\t\t\t<section class=\"elementor-section elementor-inner-section elementor-element elementor-element-566068c elementor-section-boxed elementor-section-height-default elementor-section-height-default\" data-id=\"566068c\" data-element_type=\"section\">\n\t\t\t\t\t\t<div class=\"elementor-container elementor-column-gap-no\">\n\t\t\t\t\t\t\t<div class=\"elementor-row\">\n\t\t\t\t\t<div class=\"elementor-column elementor-col-33 elementor-inner-column elementor-element elementor-element-4bc3788\" data-id=\"4bc3788\" data-element_type=\"column\">\n\t\t\t<div class=\"elementor-column-wrap elementor-element-populated\">\n\t\t\t\t\t\t\t<div class=\"elementor-widget-wrap\">\n\t\t\t\t\t\t<div class=\"elementor-element elementor-element-a605cef elementor-widget elementor-widget-image\" data-id=\"a605cef\" data-element_type=\"widget\" data-widget_type=\"image.default\">\n\t\t\t\t<div class=\"elementor-widget-container\">\n\t\t\t\t\t\t\t\t<div class=\"elementor-image\">\n\t\t\t\t\t\t\t\t\t\t\t\t<img decoding=\"async\" width=\"400\" height=\"300\" src=\"https:\/\/www.gebaut.com.br\/montreux\/wp-content\/uploads\/2020\/09\/emp1.jpg\" class=\"attachment-large size-large\" alt=\"\" loading=\"lazy\" \/>\t\t\t\t\t\t\t\t\t\t\t\t\t\t<\/div>\n\t\t\t\t\t\t<\/div>\n\t\t\t\t<\/div>\n\t\t\t\t\t\t<\/div>\n\t\t\t\t\t<\/div>\n\t\t<\/div>\n\t\t\t\t<div class=\"elementor-column elementor-col-33 elementor-inner-column elementor-element elementor-element-45914be\" data-id=\"45914be\" data-element_type=\"column\">\n\t\t\t<div class=\"elementor-column-wrap elementor-element-populated\">\n\t\t\t\t\t\t\t<div class=\"elementor-widget-wrap\">\n\t\t\t\t\t\t<div class=\"elementor-element elementor-element-82a6607 elementor-widget elementor-widget-image\" data-id=\"82a6607\" data-element_type=\"widget\" data-widget_type=\"image.default\">\n\t\t\t\t<div class=\"elementor-widget-container\">\n\t\t\t\t\t\t\t\t<div class=\"elementor-image\">\n\t\t\t\t\t\t\t\t\t\t\t\t<img decoding=\"async\" width=\"400\" height=\"300\" src=\"https:\/\/www.gebaut.com.br\/montreux\/wp-content\/uploads\/2020\/09\/emp2.jpg\" class=\"attachment-large size-large\" alt=\"\" loading=\"lazy\" \/>\t\t\t\t\t\t\t\t\t\t\t\t\t\t<\/div>\n\t\t\t\t\t\t<\/div>\n\t\t\t\t<\/div>\n\t\t\t\t\t\t<\/div>\n\t\t\t\t\t<\/div>\n\t\t<\/div>\n\t\t\t\t<div class=\"elementor-column elementor-col-33 elementor-inner-column elementor-element elementor-element-11d2b02\" data-id=\"11d2b02\" data-element_type=\"column\">\n\t\t\t<div class=\"elementor-column-wrap elementor-element-populated\">\n\t\t\t\t\t\t\t<div class=\"elementor-widget-wrap\">\n\t\t\t\t\t\t<div class=\"elementor-element elementor-element-23c976f elementor-widget elementor-widget-image\" data-id=\"23c976f\" data-element_type=\"widget\" data-widget_type=\"image.default\">\n\t\t\t\t<div class=\"elementor-widget-container\">\n\t\t\t\t\t\t\t\t<div class=\"elementor-image\">\n\t\t\t\t\t\t\t\t\t\t\t\t<img decoding=\"async\" width=\"400\" height=\"300\" src=\"https:\/\/www.gebaut.com.br\/montreux\/wp-content\/uploads\/2020\/09\/emp3.jpg\" class=\"attachment-large size-large\" alt=\"\" loading=\"lazy\" \/>\t\t\t\t\t\t\t\t\t\t\t\t\t\t<\/div>\n\t\t\t\t\t\t<\/div>\n\t\t\t\t<\/div>\n\t\t\t\t\t\t<\/div>\n\t\t\t\t\t<\/div>\n\t\t<\/div>\n\t\t\t\t\t\t\t\t<\/div>\n\t\t\t\t\t<\/div>\n\t\t<\/section>\n\t\t\t\t<div class=\"elementor-element elementor-element-083c712 elementor-widget-divider--view-line elementor-widget elementor-widget-divider\" data-id=\"083c712\" data-element_type=\"widget\" data-widget_type=\"divider.default\">\n\t\t\t\t<div class=\"elementor-widget-container\">\n\t\t\t\t\t<div class=\"elementor-divider\">\n\t\t\t<span class=\"elementor-divider-separator\">\n\t\t\t\t\t\t<\/span>\n\t\t<\/div>\n\t\t\t\t<\/div>\n\t\t\t\t<\/div>\n\t\t\t\t\t\t<\/div>\n\t\t\t\t\t<\/div>\n\t\t<\/div>\n\t\t\t\t\t\t\t\t<\/div>\n\t\t\t\t\t<\/div>\n\t\t<\/section>\n\t\t\t\t<section class=\"elementor-section elementor-top-section elementor-element elementor-element-3300a7c elementor-section-boxed elementor-section-height-default elementor-section-height-default\" data-id=\"3300a7c\" data-element_type=\"section\">\n\t\t\t\t\t\t<div class=\"elementor-container elementor-column-gap-default\">\n\t\t\t\t\t\t\t<div class=\"elementor-row\">\n\t\t\t\t\t<div class=\"elementor-column elementor-col-50 elementor-top-column elementor-element elementor-element-f464da8\" data-id=\"f464da8\" data-element_type=\"column\">\n\t\t\t<div class=\"elementor-column-wrap elementor-element-populated\">\n\t\t\t\t\t\t\t<div class=\"elementor-widget-wrap\">\n\t\t\t\t\t\t<div class=\"elementor-element elementor-element-ccb8d84 elementor-widget elementor-widget-image\" data-id=\"ccb8d84\" data-element_type=\"widget\" data-widget_type=\"image.default\">\n\t\t\t\t<div class=\"elementor-widget-container\">\n\t\t\t\t\t\t\t\t<div class=\"elementor-image\">\n\t\t\t\t\t\t\t\t\t\t\t\t<img decoding=\"async\" width=\"600\" height=\"450\" src=\"https:\/\/www.gebaut.com.br\/montreux\/wp-content\/uploads\/2020\/09\/emp4.jpg\" class=\"attachment-large size-large\" alt=\"\" loading=\"lazy\" \/>\t\t\t\t\t\t\t\t\t\t\t\t\t\t<\/div>\n\t\t\t\t\t\t<\/div>\n\t\t\t\t<\/div>\n\t\t\t\t\t\t<\/div>\n\t\t\t\t\t<\/div>\n\t\t<\/div>\n\t\t\t\t<div class=\"elementor-column elementor-col-50 elementor-top-column elementor-element elementor-element-a684250\" data-id=\"a684250\" data-element_type=\"column\">\n\t\t\t<div class=\"elementor-column-wrap elementor-element-populated\">\n\t\t\t\t\t\t\t<div class=\"elementor-widget-wrap\">\n\t\t\t\t\t\t<div class=\"elementor-element elementor-element-6d6f2f3 elementor-widget elementor-widget-heading\" data-id=\"6d6f2f3\" data-element_type=\"widget\" data-widget_type=\"heading.default\">\n\t\t\t\t<div class=\"elementor-widget-container\">\n\t\t\t<h2 class=\"elementor-heading-title elementor-size-default\">Proximidades<\/h2>\t\t<\/div>\n\t\t\t\t<\/div>\n\t\t\t\t<div class=\"elementor-element elementor-element-4d314cb elementor-widget elementor-widget-text-editor\" data-id=\"4d314cb\" data-element_type=\"widget\" data-widget_type=\"text-editor.default\">\n\t\t\t\t<div class=\"elementor-widget-container\">\n\t\t\t\t\t\t\t\t<div class=\"elementor-text-editor elementor-clearfix\">\n\t\t\t\t<p>Localizado na <strong>Rua Primavera, 199 &#8211; Bairro Planalto.<\/strong><br \/>\u00c1rea nobre junto ao centro de Gramado e a poucos metros dos belos parques e pra\u00e7as da cidade.<\/p><p>&#8211; 250m do Lago Joaquina R. Bier<br \/>&#8211; 400m da Pra\u00e7a das Bandeiras<br \/>&#8211; 650m do Terminal Rodovi\u00e1rio<br \/>&#8211; 700m da Pra\u00e7a das Etnias<br \/>&#8211; 750m do Mini Mundo<br \/>&#8211; 1000m do Lago Negro<br \/>&#8211; 1100 da Av. das Hort\u00eansias<br \/>&#8211; 1300m da Rua Coberta<\/p>\t\t\t\t\t<\/div>\n\t\t\t\t\t\t<\/div>\n\t\t\t\t<\/div>\n\t\t\t\t\t\t<\/div>\n\t\t\t\t\t<\/div>\n\t\t<\/div>\n\t\t\t\t\t\t\t\t<\/div>\n\t\t\t\t\t<\/div>\n\t\t<\/section>\n\t\t\t\t<section class=\"elementor-section elementor-top-section elementor-element elementor-element-cf12af7 elementor-section-boxed elementor-section-height-default elementor-section-height-default\" data-id=\"cf12af7\" data-element_type=\"section\">\n\t\t\t\t\t\t<div class=\"elementor-container elementor-column-gap-default\">\n\t\t\t\t\t\t\t<div class=\"elementor-row\">\n\t\t\t\t\t<div class=\"elementor-column elementor-col-100 elementor-top-column elementor-element elementor-element-0ceb648\" data-id=\"0ceb648\" data-element_type=\"column\">\n\t\t\t<div class=\"elementor-column-wrap elementor-element-populated\">\n\t\t\t\t\t\t\t<div class=\"elementor-widget-wrap\">\n\t\t\t\t\t\t<div class=\"elementor-element elementor-element-70fa466 elementor-widget-divider--view-line elementor-widget elementor-widget-divider\" data-id=\"70fa466\" data-element_type=\"widget\" data-widget_type=\"divider.default\">\n\t\t\t\t<div class=\"elementor-widget-container\">\n\t\t\t\t\t<div class=\"elementor-divider\">\n\t\t\t<span class=\"elementor-divider-separator\">\n\t\t\t\t\t\t<\/span>\n\t\t<\/div>\n\t\t\t\t<\/div>\n\t\t\t\t<\/div>\n\t\t\t\t<div class=\"elementor-element elementor-element-b5786fb elementor-widget elementor-widget-text-editor\" data-id=\"b5786fb\" data-element_type=\"widget\" data-widget_type=\"text-editor.default\">\n\t\t\t\t<div class=\"elementor-widget-container\">\n\t\t\t\t\t\t\t\t<div class=\"elementor-text-editor elementor-clearfix\">\n\t\t\t\t<p>As imagens contidas nestes materiais s\u00e3o meramente ilustrativas. M\u00f3veis, eletrodom\u00easticos, mob\u00edlias e acess\u00f3rios s\u00e3o sugest\u00f5es de decora\u00e7\u00e3o e n\u00e3o est\u00e3o inclusos no pre\u00e7o das unidades.<br \/>Padr\u00e3o Construtivo: Consulte o Memorial Descritivo do Empreendimento.<br \/>Incorpora\u00e7\u00e3o: Registro R.6 \/ Matr\u00edcula 23.474 do Registro de Im\u00f3veis de Gramado<\/p>\t\t\t\t\t<\/div>\n\t\t\t\t\t\t<\/div>\n\t\t\t\t<\/div>\n\t\t\t\t\t\t<\/div>\n\t\t\t\t\t<\/div>\n\t\t<\/div>\n\t\t\t\t\t\t\t\t<\/div>\n\t\t\t\t\t<\/div>\n\t\t<\/section>\n\t\t\t\t\t\t<\/div>\n\t\t\t\t\t\t<\/div>\n\t\t\t\t\t<\/div>\n\t\t","protected":false},"excerpt":{"rendered":"<p>Um projeto \u00fanico que privilegia o conforto, a privacidade e o prazer de se viver bem! Montreux \u00e9 o novo empreendimento da Gebaut em Gramado. Com apenas 5 unidades emolduradas por uma charmosa fachada e paisagismo primoroso, o Montreux adota o conceito dos produtos Gebaut com plantas amplas e completas, recursos voltados ao conforto e [&hellip;]<\/p>\n","protected":false},"author":1,"featured_media":0,"parent":0,"menu_order":0,"comment_status":"closed","ping_status":"closed","template":"elementor_header_footer","meta":[],"yoast_head":"<!-- This site is optimized with the Yoast SEO plugin v14.9 - https:\/\/yoast.com\/wordpress\/plugins\/seo\/ -->\n<title>O Empreendimento - Montreux<\/title>\n<meta name=\"robots\" content=\"index, follow, max-snippet:-1, max-image-preview:large, max-video-preview:-1\" \/>\n<link rel=\"canonical\" href=\"https:\/\/www.gebaut.com.br\/montreux\/?page_id=34\" \/>\n<meta property=\"og:locale\" content=\"pt_BR\" \/>\n<meta property=\"og:type\" content=\"article\" \/>\n<meta property=\"og:title\" content=\"O Empreendimento - Montreux\" \/>\n<meta property=\"og:description\" content=\"Um projeto \u00fanico que privilegia o conforto, a privacidade e o prazer de se viver bem! Montreux \u00e9 o novo empreendimento da Gebaut em Gramado. Com apenas 5 unidades emolduradas por uma charmosa fachada e paisagismo primoroso, o Montreux adota o conceito dos produtos Gebaut com plantas amplas e completas, recursos voltados ao conforto e [&hellip;]\" \/>\n<meta property=\"og:url\" content=\"https:\/\/www.gebaut.com.br\/montreux\/?page_id=34\" \/>\n<meta property=\"og:site_name\" content=\"Montreux\" \/>\n<meta property=\"article:modified_time\" content=\"2020-09-09T21:45:27+00:00\" \/>\n<meta property=\"og:image\" content=\"https:\/\/www.gebaut.com.br\/montreux\/wp-content\/uploads\/2020\/09\/simbol.png\" \/>\n<meta name=\"twitter:card\" content=\"summary_large_image\" \/>\n<script type=\"application\/ld+json\" class=\"yoast-schema-graph\">{\"@context\":\"https:\/\/schema.org\",\"@graph\":[{\"@type\":\"WebSite\",\"@id\":\"https:\/\/www.gebaut.com.br\/montreux\/#website\",\"url\":\"https:\/\/www.gebaut.com.br\/montreux\/\",\"name\":\"Montreux\",\"description\":\"Empreendimento de Alto Padr\\u00e3o em Gramado\/RS\",\"potentialAction\":[{\"@type\":\"SearchAction\",\"target\":\"https:\/\/www.gebaut.com.br\/montreux\/?s={search_term_string}\",\"query-input\":\"required name=search_term_string\"}],\"inLanguage\":\"pt-BR\"},{\"@type\":\"ImageObject\",\"@id\":\"https:\/\/www.gebaut.com.br\/montreux\/?page_id=34#primaryimage\",\"inLanguage\":\"pt-BR\",\"url\":\"https:\/\/www.gebaut.com.br\/montreux\/wp-content\/uploads\/2020\/09\/simbol.png\",\"width\":30,\"height\":40},{\"@type\":\"WebPage\",\"@id\":\"https:\/\/www.gebaut.com.br\/montreux\/?page_id=34#webpage\",\"url\":\"https:\/\/www.gebaut.com.br\/montreux\/?page_id=34\",\"name\":\"O Empreendimento - Montreux\",\"isPartOf\":{\"@id\":\"https:\/\/www.gebaut.com.br\/montreux\/#website\"},\"primaryImageOfPage\":{\"@id\":\"https:\/\/www.gebaut.com.br\/montreux\/?page_id=34#primaryimage\"},\"datePublished\":\"2020-09-09T17:04:40+00:00\",\"dateModified\":\"2020-09-09T21:45:27+00:00\",\"inLanguage\":\"pt-BR\",\"potentialAction\":[{\"@type\":\"ReadAction\",\"target\":[\"https:\/\/www.gebaut.com.br\/montreux\/?page_id=34\"]}]}]}<\/script>\n<!-- \/ Yoast SEO plugin. -->","_links":{"self":[{"href":"https:\/\/www.gebaut.com.br\/montreux\/index.php?rest_route=\/wp\/v2\/pages\/34"}],"collection":[{"href":"https:\/\/www.gebaut.com.br\/montreux\/index.php?rest_route=\/wp\/v2\/pages"}],"about":[{"href":"https:\/\/www.gebaut.com.br\/montreux\/index.php?rest_route=\/wp\/v2\/types\/page"}],"author":[{"embeddable":true,"href":"https:\/\/www.gebaut.com.br\/montreux\/index.php?rest_route=\/wp\/v2\/users\/1"}],"replies":[{"embeddable":true,"href":"https:\/\/www.gebaut.com.br\/montreux\/index.php?rest_route=%2Fwp%2Fv2%2Fcomments&post=34"}],"version-history":[{"count":9,"href":"https:\/\/www.gebaut.com.br\/montreux\/index.php?rest_route=\/wp\/v2\/pages\/34\/revisions"}],"predecessor-version":[{"id":152,"href":"https:\/\/www.gebaut.com.br\/montreux\/index.php?rest_route=\/wp\/v2\/pages\/34\/revisions\/152"}],"wp:attachment":[{"href":"https:\/\/www.gebaut.com.br\/montreux\/index.php?rest_route=%2Fwp%2Fv2%2Fmedia&parent=34"}],"curies":[{"name":"wp","href":"https:\/\/api.w.org\/{rel}","templated":true}]}}